omposite?
False
Is 32656147 a composite number?
True
Is 74434 a composite number?
True
Is 37146143 a prime number?
True
Is 453137871 prime?
False
Is 145686161 composite?
True
Is 51707939 prime?
True
Is 16601 a composite number?
True
Is 184348931 composite?
True
Is 7526681 a composite number?
True
Is 463003 composite?
False
Is 876391543 prime?
True
Is 3260807 prime?
False
Is 8131229 prime?
True
Is 7100617 prime?
True
Is 6214085 a prime number?
False
Is 94517207 a composite number?
True
Is 13923467 a composite number?
False
Is 5239573 a prime number?
False
Is 16173397 a composite number?
False
Is 9406949 a composite number?
False
Is 28749557 a composite number?
False
Is 21358249 a prime number?
False
Is 128965 a composite number?
True
Is 32867303 a composite number?
True
Is 107927459 a composite number?
False
Is 90063683 composite?
False
Is 435706657 a composite number?
False
Is 1621597 composite?
False
Is 21830097 a composite number?
True
Is 248229199 composite?
False
Is 927333791 a composite number?
False
Is 7912571 a prime number?
True
Is 9749183 composite?
False
Is 13248197 prime?
True
Is 884969 prime?
False
Is 21405113 composite?
False
Is 9105505 composite?
True
Is 212711071 a composite number?
True
Is 7878265 a composite number?
True
Is 359432977 prime?
True
Is 30846061 a prime number?
True
Is 158375593 composite?
False
Is 156127739 composite?
True
Is 22301677 composite?
False
Is 19340729 a composite number?
False
Is 11378599 prime?
True
Is 92710811 a prime number?
True
Is 174881761 composite?
False
Is 132721651 a composite number?
False
Is 161703769 prime?
False
Is 36150383 a prime number?
True
Is 11280091 prime?
False
Is 5532821 a composite number?
True
Is 10362617 composite?
True
Is 2259029 a prime number?
True
Is 2557213 composite?
False
Is 15460217 composite?
False
Is 18696329 a prime number?
False
Is 27596495 a composite number?
True
Is 49785445 a composite number?
True
Is 922267 prime?
False
Is 5755427 a composite number?
True
Is 5653309 a prime number?
False
Is 170170543 prime?
True
Is 907733369 a prime number?
True
Is 2162497 composite?
False
Is 195677 a composite number?
False
Is 45711983 a composite number?
True
Is 257283989 a prime number?
True
Is 60043657 a prime number?
False
Is 2573353 composite?
False
Is 4574753 prime?
True
Is 12984427 a composite number?
False
Is 3842513 a prime number?
False
Is 79579 a prime number?
True
Is 3252891 a composite number?
True
Is 165996147 a composite number?
True
Is 25441901 prime?
True
Is 980507 composite?
True
Is 109654189 a composite number?
False
Is 4753889 composite?
True
Is 46541 prime?
False
Is 31975967 prime?
True
Is 474011 composite?
True
Is 9713059 a prime number?
True
Is 6777167 prime?
False
Is 287058601 composite?
False
Is 1459277 prime?
True
Is 260745971 composite?
False
Is 2787311 a composite number?
True
Is 762121 a prime number?
True
Is 284889613 a prime number?
True
Is 411233677 composite?
True
Is 1630063 a composite number?
True
Is 72579727 prime?
False
Is 106029383 prime?
False
Is 3581387 prime?
False
Is 82782127 a prime number?
True
Is 3606527 a composite number?
True
Is 189509669 composite?
False
Is 8265989 prime?
True
Is 1682129 prime?
False
Is 5345303 prime?
False
Is 17698651 a prime number?
False
Is 2146423 a prime number?
True
Is 1788211 prime?
True
Is 43652201 composite?
False
Is 105031583 a prime number?
True
Is 368934397 prime?
False
Is 2427317 composite?
False
Is 6669751 a composite number?
True
Is 5001241 prime?
False
Is 1672131 prime?
False
Is 1342361 prime?
True
Is 24061571 composite?
True
Is 7373227 composite?
False
Is 4680131 a composite number?
False
Is 434799859 a prime number?
False
Is 23881069 a prime number?
True
Is 3528839 composite?
True
Is 27965041 a prime number?
False
Is 16588331 a prime number?
True
Is 399979 a composite number?
False
Is 29477921 a composite number?
True
Is 2418581 composite?
True
Is 388199 a composite number?
True
Is 10896829 prime?
True
Is 65974687 a composite number?
False
Is 46775203 a prime number?
False
Is 16723893 a composite number?
True
Is 17290313 composite?
True
Is 176782607 a prime number?
True
Is 983283253 prime?
True
Is 894997 prime?
True
Is 9941 a prime number?
True
Is 457122377 prime?
True
Is 6773999 a composite number?
False
Is 6088909 composite?
False
Is 60669541 prime?
True
Is 120867533 prime?
True
Is 28301321 composite?
True
Is 57929147 prime?
False
Is 821699 prime?
False
Is 141830671 a prime number?
True
Is 16384183 a composite number?
True
Is 77622059 composite?
False
Is 6963391 prime?
True
Is 38248727 a composite number?
True
Is 12422318 a composite number?
True
Is 4665833 a prime number?
True
Is 1926767 a composite number?
False
Is 24842603 a prime number?
True
Is 23460674 prime?
False
Is 3399631 a prime number?
True
Is 411205831 composite?
True
Is 1369651 a composite number?
False
Is 237020249 a composite number?
False
Is 267798493 prime?
True
Is 2916629 a prime number?
True
Is 2353703 composite?
True
Is 753808273 a composite number?
False
Is 8140543 prime?
False
Is 11395127 a prime number?
True
Is 23738471 composite?
False
Is 157746049 a prime number?
True
Is 135659597 prime?
False
Is 12527747 a prime number?
True
Is 2098241 a prime number?
True
Is 2099509 composite?
True
Is 8208553 composite?
False
Is 472186051 a composite number?
True
Is 97872634 prime?
False
Is 10789733 prime?
True
Is 519443807 prime?
True
Is 14960417 a composite number?
True
Is 14508139 a composite number?
True
Is 7372721 prime?
True
Is 438953 composite?
False
Is 8556263 prime?
False
Is 60846601 a prime number?
False
Is 7052519 composite?
False
Is 5381 composite?
False
Is 301486567 a prime number?
True
Is 5524271 a composite number?
False
Is 140888527 a composite number?
True
Is 2185459 a composite number?
True
Is 740123 a prime number?
True
Is 11012681 a prime number?
True
Is 258303371 a composite number?
True
Is 52072409 prime?
True
Is 265299851 a composite number?
True
Is 184359473 a prime number?
True
Is 1201699 prime?
True
Is 57225011 a composite number?
False
Is 97624243 composite?
False
Is 112572539 composite?
False
Is 119822141 composite?
False
Is 1566092777 a composite number?
False
Is 6234113 prime?
True
Is 41543531 prime?
False
Is 9900529 composite?
False
Is 4685 a composite number?
True
Is 10356343 a prime number?
False
Is 9036431 prime?
False
Is 33795631 composite?
False
Is 324479789 prime?
False
Is 1144441 prime?
True
Is 56125837 prime?
False
Is 7710007 a composite number?
False
Is 2140513 prime?
True
Is 39477751 a prime number?
False
Is 1353607 a composite number?
False
Is 5064269 prime?
False
Is 924019 a prime number?
True
Is 4820405 a prime number?
False
Is 26678953 a prime number?
False
Is 1375645 a composite number?
True
Is 380790103 a composite number?
False
Is 1828471 composite?
False
Is 90505111 prime?
True
Is 9924347 a prime number?
True
Is 826817 a prime number?
False
Is 2239521 composite?
True
Is 1757461 prime?
False
Is 513785527 a prime number?
False
Is 5493001 a prime number?
True
Is 33357251 composite?
False
Is 4189201 prime?
False
Is 76191751 prime?
False
Is 609215 prime?
False
Is 58253729 prime?
True
Is 1723523 prime?
True
Is 7369073 a prime number?
True
Is 243239 prime?
True
Is 41425379 a prime number?
False
Is 401556637 a prime number?
True
Is 79644715 a prime number?
False
Is 2589122 a prime number?
False
Is 3632267 a prime number?
True
Is 3827339 a composite number?
False
Is 24106577 a prime number?
False
Is 191296219 composite?
False
Is 13392407 composite?
True
Is 1440233 composite?
False
Is 74556059 composite?
True
Is 40668535 a composite number?
True
Is 4529893 composite?
False
Is 16303733 composite?
False
Is 816009 a prime number?
False
Is 493721 prime?
True
Is 17016673 prime?
True
Is 116335831 prime?
True
Is 1901231 prime?
True
Is 37592743 a composite number?
False
Is 16414711 a composite number?
True
Is 42677759 composite?
False
Is 26174371 a composite number?
False
Is 912601 composite?
True
Is 63792803 prime?
False
Is 8648009 composite?
True
Is 1496353 a composite number?
False
Is 837558967 a composite number?
True
Is 7528151 a composite number?
False
Is 2828797 a composite number?
False
Is 1257137 composite?
True
Is 251011247 a composite number?
True
Is 3962373 a prime number?
False
Is 40